{"id":9312,"date":"2019-12-06T17:26:22","date_gmt":"2019-12-06T15:26:22","guid":{"rendered":"http:\/\/leilamartial.com\/?page_id=9312"},"modified":"2026-03-09T15:40:45","modified_gmt":"2026-03-09T13:40:45","slug":"free-voices-of-forest","status":"publish","type":"page","link":"http:\/\/leilamartial.com\/en\/free-voices-of-forest\/","title":{"rendered":"\u00c4K\u00c4"},"content":{"rendered":"<div class=\"wpb-content-wrapper\"><div class=\"vc_row wpb_row vc_row-fluid qodef-section qodef-content-aligment-left qodef-grid-section\" style=\"\"><div class=\"clearfix qodef-section-inner\"><div class=\"qodef-section-inner-margin clearfix\"><div class=\"wpb_column vc_column_container vc_col-sm-12\"><div class=\"vc_column-inner\"><div class=\"wpb_wrapper\"><div class=\"qodef-separator-holder clearfix  qodef-separator-left\">\n\t<div class=\"qodef-separator\" style=\"border-color: #000000;width: 45px;border-bottom-width: 3px;margin-top: 28px;margin-bottom: 28px\"><\/div>\n<\/div>\n<div class=\"vc_row wpb_row vc_inner vc_row-fluid qodef-section qodef-content-aligment-left\" style=\"\"><div class=\"qodef-full-section-inner\"><div class=\"wpb_column vc_column_container vc_col-sm-6\"><div class=\"vc_column-inner\"><div class=\"wpb_wrapper\">\n\t<div class=\"wpb_text_column wpb_content_element\" >\n\t\t<div class=\"wpb_wrapper\">\n\t\t\t<h5><b>Ce projet est le fruit d\u2019une rencontre entre 3 vocalistes fran\u00e7ais et 5\u00a0vocalistes-percussionnistes de culture Aka (autochtones \u00ab\u00a0pygm\u00e9es\u00a0\u00bb du Congo). Une aventure multidimensionnelle qui s\u2019\u00e9tendra sur plusieurs ann\u00e9es et fera l\u2019objet d\u2019un spectacle (Sortie en Nov 2021), d&rsquo;un album\u00a0ainsi que\u00a0d\u2019un documentaire r\u00e9alis\u00e9 par\u00a0Yvan Schreck (sortie pr\u00e9visionnelle en 2022 ou 2023).<\/b><\/h5>\n<p>&nbsp;<\/p>\n<p>Le\u00efla Martial : voix\/direction artistique, R\u00e9mi Leclerc : body percussion\/voix\/direction artistique, Eta Sorel : manager de Ndima\/direction artistique, Manongo Ang\u00e9lique : voix, Nad\u00e8ge Nzabol\u00e9 : voix, Koule Emilie : voix, Motambo Gaston : percussions\/voix, Kossi Michel : percussions\/voix, Eric Perez : percussions\/voix<\/p>\n<p><b><i>\u00c4K\u00c4 -Free voices of forest<\/i><\/b><b>\u00a0est un r\u00e9pertoire unique m\u00ealant les polyphonies de la for\u00eat \u00e9quatoriale, les percussions corporelles, le langage imaginaire et la transe.<\/b><\/p>\n<p>Compos\u00e9 de 2 percussionnistes aka et six voix dont trois chanteuses Aka, une vocaliste europ\u00e9enne, un body-percussionniste\/chanteur et un bassiste vocal, la dimension organique pr\u00e9domine dans cette musique aux accents multi-directionnels.<span class=\"Apple-converted-space\">\u00a0<\/span><\/p>\n<p>Les arrangements font cohabiter les yodels traditionnels pygm\u00e9es avec des harmonisations tonales, les contrepoints augurent les envol\u00e9es lyriques, les textures et effets de bouche s\u2019enchev\u00eatrent \u00e9trangement, les percussions corporelles invitent \u00e0 la danse tandis que les lignes de basse vocale nous embarquent vers une transe in\u00e9dite. Les improvisations libres finissent d\u2019\u00e9clater un cadre sans cesse r\u00e9invent\u00e9 ensemble.<span class=\"Apple-converted-space\">\u00a0<\/span><\/p>\n<p>Ici, la voix est au centre de l\u2019exploration et devient l\u2019instrument de tous les possibles. C\u2019est un voyage sans paroles, au coeur de la nature humaine, dans sa dimension de partage. On assiste \u00e0 un joyeux m\u00e9lange de sons, de vibrations, d\u2019expressions vocales. Il y a dans la rencontre de ces 2 mondes comme l\u2019av\u00e8nement d\u2019une nouvelle communaut\u00e9 de sons, un \u00ab\u00a0nouveau peuple de sons\u00a0\u00bb.<\/p>\n\n\t\t<\/div>\n\t<\/div>\n<\/div><\/div><\/div><div class=\"wpb_column vc_column_container vc_col-sm-6\"><div class=\"vc_column-inner\"><div class=\"wpb_wrapper\">\n\t<div class=\"wpb_text_column wpb_content_element\" >\n\t\t<div class=\"wpb_wrapper\">\n\t\t\t<p><i>\u00ab\u00a0Depuis mon plus jeune \u00e2ge, j\u2019ai l\u2019\u00e9trange sensation d\u2019appartenir \u00e0 ces peuples chantants et nomades. Que ce soit les tziganes, les Inuits ou encore les pygm\u00e9es, j\u2019y retrouve cette impulsion vitale et br\u00fblante, que je vis dans mon chant. <\/i><i>Les chants de ces trois peuples contiennent toutes les \u00e9motions en vrac : la rage, l\u2019espoir et le d\u00e9sespoir, le sens de la communaut\u00e9, le jeu, la c\u00e9l\u00e9bration, la joie, la gratitude, la marginalit\u00e9, la transmission, la connexion \u00e0 l\u2019environnement naturel. <\/i><i>Le point commun de tous ces peuples est le nomadisme. Peut \u00eatre que la maison qu\u2019ils construisent est faite de notes, de sons, plut\u00f4t que de murs. Ou que leur corps serait une maison des sons, qu\u2019ils prom\u00e8neraient sur la terre.<\/i><i>A l\u2019instar de ces gens l\u00e0 qui m\u2019inspirent tant, je suis convaincue que chaque jour est l\u2019occasion d\u2019une c\u00e9l\u00e9bration sonore. Nous inventerons la n\u00f4tre.\u00a0\u00bb Le\u00efla M.<\/i><\/p>\n<h6>*Spectacle co-produit par Colore (Laurent Carrier Diffusion), Les Sc\u00e8nes du Jura (Sc\u00e8ne nationale), Le festival Africolor, Musiques au Comptoir (Fontenay-sous-Bois), Le Centre de Cr\u00e9ation Musicale C\u00e9sar\u00e9 (Reims), La Cie des Humanophones, Jazzdor Strasbourg, le mus\u00e9e des confluents (Lyon), le Festival des \u00a0musiques d&rsquo;ici et d&rsquo;ailleurs (Ch\u00e2lons en champagne), avec le soutien de la R\u00e9gion Ile-de-France.<\/h6>\n<p>&nbsp;<\/p>\n<p>Le\u00efla Martial : voix, bouteilles, Direction artistique<br \/>\nR\u00e9mi Leclerc : claviers, percussions corporelles, voix, direction artistique<br \/>\nSorel Eta : Dikwakwata, Managing, Direction artistique<br \/>\nEric Perez : Batterie, voix basse<br \/>\nManongo Ang\u00e9lique : Voix, danse<br \/>\nNzabol\u00e9 Nad\u00e8ge : Voix, danse<br \/>\nKoul\u00e9 Emilie : Voix, danse<br \/>\nMotambo Gaston : tambour, voix<br \/>\nKossi Michel : tambour, voix<\/p>\n<p>Maxime Lance : R\u00e9gie son<br \/>\nColin Th\u00e9venin : R\u00e9gie g\u00e9n\u00e9rale, lumi\u00e8res<\/p>\n<p>&nbsp;<\/p>\n\n\t\t<\/div>\n\t<\/div>\n<div class=\"vc_btn3-container vc_btn3-inline vc_do_btn\" ><a onmouseleave=\"this.style.borderColor='#666'; this.style.backgroundColor='transparent'; this.style.color='#666'\" onmouseenter=\"this.style.borderColor='#666'; this.style.backgroundColor='#666'; this.style.color='#fff';\" style=\"border-color:#666; color:#666;\" class=\"vc_general vc_btn3 vc_btn3-size-md vc_btn3-shape-square vc_btn3-style-outline-custom\" href=\"https:\/\/www.akafreevoicesofforest.com\/\" title=\"\" target=\"_blank\">Site web<\/a><\/div><\/div><\/div><\/div><\/div><\/div><\/div><\/div><\/div><\/div><\/div><\/div><div class=\"vc_row wpb_row vc_row-fluid qodef-section vc_custom_1773061839232 qodef-content-aligment-left qodef-grid-section\" style=\"\"><div class=\"clearfix qodef-section-inner\"><div class=\"qodef-section-inner-margin clearfix\"><div class=\"wpb_column vc_column_container vc_col-sm-12\"><div class=\"vc_column-inner\"><div class=\"wpb_wrapper\">\n\t<div class=\"wpb_text_column wpb_content_element\" >\n\t\t<div class=\"wpb_wrapper\">\n\t\t\t<h2>Free Voices of Forest<\/h2>\n\n\t\t<\/div>\n\t<\/div>\n<div class=\"qodef-separator-holder clearfix  qodef-separator-left\">\n\t<div class=\"qodef-separator\" style=\"border-color: #000000;width: 45px;border-bottom-width: 3px;margin-top: 28px;margin-bottom: 28px\"><\/div>\n<\/div>\n<div class=\"vc_row wpb_row vc_inner vc_row-fluid qodef-section qodef-content-aligment-left\" style=\"\"><div class=\"qodef-full-section-inner\"><div class=\"wpb_column vc_column_container vc_col-sm-6\"><div class=\"vc_column-inner\"><div class=\"wpb_wrapper\"><div class=\"qodef-album-disc qodef-animate-on-appear\">\n\t\t<div class=\"qodef-album-disc-inner\">\n\t\t<div class=\"qodef-album-disc-case-holder\">\n\t\t\t<img decoding=\"async\" class=\"qodef-album-disc-case\" src=\"https:\/\/leilamartial.com\/wp-content\/uploads\/2016\/09\/Aka-Free-Voices-Of-Forest.jpg\" alt=\"Aka-Free-Voices-Of-Forest\" \/>\n\t\t<\/div>\n\t\t<div class=\"qodef-album-disc-element\">\n\t\t\t<div class=\"qodef-album-disc-image-holder\">\n\t\t\t\t<div class=\"qodef-album-disc-image\" style=\"background-image:url()\">\n\t\t\t\t\t<span class=\"qodef-album-disc-border\" ><\/span>\n\t\t\t\t<\/div> \n\t\t\t<\/div>\t\t\t\n\t\t<\/div>\n\t<\/div>\n<\/div><\/div><\/div><\/div><div class=\"wpb_column vc_column_container vc_col-sm-6\"><div class=\"vc_column-inner\"><div class=\"wpb_wrapper\">\n\t<div class=\"wpb_text_column wpb_content_element\" >\n\t\t<div class=\"wpb_wrapper\">\n\t\t\t<h3>Music :<\/h3>\n\n\t\t<\/div>\n\t<\/div>\n<div class=\"qodef-separator-holder clearfix  qodef-separator-left\">\n\t<div class=\"qodef-separator\" style=\"border-color: #000000;width: 22px;border-bottom-width: 3px;margin-top: 28px;margin-bottom: 28px\"><\/div>\n<\/div>\n<div class=\"qodef-audio-playlist-holder\">\n\t<iframe title=\"Spotify Embed: \u00c4k\u00e4 - Free Voices of Forest\" style=\"border-radius: 12px\" width=\"100%\" height=\"352\" frameborder=\"0\" allowfullscreen allow=\"autoplay; clipboard-write; encrypted-media; fullscreen; picture-in-picture\" loading=\"lazy\" src=\"https:\/\/open.spotify.com\/embed\/album\/1HYdy6u6wFy3y5RZQoqfwr?utm_source=oembed\"><\/iframe><\/div>\n<div class=\"qodef-separator-holder clearfix  qodef-separator-left\">\n\t<div class=\"qodef-separator\" style=\"border-color: #000000;width: 22px;border-bottom-width: 3px;margin-top: 28px;margin-bottom: 28px\"><\/div>\n<\/div>\n\n\t<div class=\"wpb_raw_code wpb_raw_html wpb_content_element\" >\n\t\t<div class=\"wpb_wrapper\">\n\t\t\t<iframe loading=\"lazy\" src=\"https:\/\/embed.radiofrance.fr\/francemusique\/diffusion\/abe0777b-03ea-4271-a238-028f007b191b\" frameborder=\"0\" width=\"600\" height=\"178\"><\/iframe>\n\t\t<\/div>\n\t<\/div>\n<\/div><\/div><\/div><\/div><\/div><\/div><\/div><\/div><\/div><\/div><\/div>\n<\/div>","protected":false},"excerpt":{"rendered":"Ce projet est le fruit d\u2019une rencontre entre 3 vocalistes fran\u00e7ais et 5\u00a0vocalistes-percussionnistes de culture Aka (autochtones \"pygm\u00e9es\" du Congo)....","protected":false},"author":1,"featured_media":9315,"parent":0,"menu_order":5,"comment_status":"closed","ping_status":"closed","template":"full-width.php","meta":{"footnotes":""},"tags":[613],"class_list":["post-9312","page","type-page","status-publish","has-post-thumbnail","hentry","tag-groupe"],"_links":{"self":[{"href":"http:\/\/leilamartial.com\/en\/wp-json\/wp\/v2\/pages\/9312","targetHints":{"allow":["GET"]}}],"collection":[{"href":"http:\/\/leilamartial.com\/en\/wp-json\/wp\/v2\/pages"}],"about":[{"href":"http:\/\/leilamartial.com\/en\/wp-json\/wp\/v2\/types\/page"}],"author":[{"embeddable":true,"href":"http:\/\/leilamartial.com\/en\/wp-json\/wp\/v2\/users\/1"}],"replies":[{"embeddable":true,"href":"http:\/\/leilamartial.com\/en\/wp-json\/wp\/v2\/comments?post=9312"}],"version-history":[{"count":20,"href":"http:\/\/leilamartial.com\/en\/wp-json\/wp\/v2\/pages\/9312\/revisions"}],"predecessor-version":[{"id":11315,"href":"http:\/\/leilamartial.com\/en\/wp-json\/wp\/v2\/pages\/9312\/revisions\/11315"}],"wp:featuredmedia":[{"embeddable":true,"href":"http:\/\/leilamartial.com\/en\/wp-json\/wp\/v2\/media\/9315"}],"wp:attachment":[{"href":"http:\/\/leilamartial.com\/en\/wp-json\/wp\/v2\/media?parent=9312"}],"wp:term":[{"taxonomy":"post_tag","embeddable":true,"href":"http:\/\/leilamartial.com\/en\/wp-json\/wp\/v2\/tags?post=9312"}],"curies":[{"name":"wp","href":"https:\/\/api.w.org\/{rel}","templated":true}]}}

ÄKÄ

<div class="wpb-content-wrapper"><div class="vc_row wpb_row vc_row-fluid qodef-section qodef-content-aligment-left qodef-grid-section" style=""><div class="clearfix qodef-section-inner"><div class="qodef-section-inner-margin clearfix"><div class="wpb_column vc_column_container vc_col-sm-12"><div class="vc_column-inner"><div class="wpb_wrapper"><div class="qodef-separator-holder clearfix  qodef-separator-left">
	<div class="qodef-separator" style="border-color: #000000;width: 45px;border-bottom-width: 3px;margin-top: 28px;margin-bottom: 28px"></div>
</div>
<div class="vc_row wpb_row vc_inner vc_row-fluid qodef-section qodef-content-aligment-left" style=""><div class="qodef-full-section-inner"><div class="wpb_column vc_column_container vc_col-sm-6"><div class="vc_column-inner"><div class="wpb_wrapper">
	<div class="wpb_text_column wpb_content_element" >
		<div class="wpb_wrapper">
			<h5><b>Ce projet est le fruit d’une rencontre entre 3 vocalistes français et 5 vocalistes-percussionnistes de culture Aka (autochtones « pygmées » du Congo). Une aventure multidimensionnelle qui s’étendra sur plusieurs années et fera l’objet d’un spectacle (Sortie en Nov 2021), d&rsquo;un album ainsi que d’un documentaire réalisé par Yvan Schreck (sortie prévisionnelle en 2022 ou 2023).</b></h5>
<p>&nbsp;</p>
<p>Leïla Martial : voix/direction artistique, Rémi Leclerc : body percussion/voix/direction artistique, Eta Sorel : manager de Ndima/direction artistique, Manongo Angélique : voix, Nadège Nzabolé : voix, Koule Emilie : voix, Motambo Gaston : percussions/voix, Kossi Michel : percussions/voix, Eric Perez : percussions/voix</p>
<p><b><i>ÄKÄ -Free voices of forest</i></b><b> est un répertoire unique mêlant les polyphonies de la forêt équatoriale, les percussions corporelles, le langage imaginaire et la transe.</b></p>
<p>Composé de 2 percussionnistes aka et six voix dont trois chanteuses Aka, une vocaliste européenne, un body-percussionniste/chanteur et un bassiste vocal, la dimension organique prédomine dans cette musique aux accents multi-directionnels.<span class="Apple-converted-space"> </span></p>
<p>Les arrangements font cohabiter les yodels traditionnels pygmées avec des harmonisations tonales, les contrepoints augurent les envolées lyriques, les textures et effets de bouche s’enchevêtrent étrangement, les percussions corporelles invitent à la danse tandis que les lignes de basse vocale nous embarquent vers une transe inédite. Les improvisations libres finissent d’éclater un cadre sans cesse réinventé ensemble.<span class="Apple-converted-space"> </span></p>
<p>Ici, la voix est au centre de l’exploration et devient l’instrument de tous les possibles. C’est un voyage sans paroles, au coeur de la nature humaine, dans sa dimension de partage. On assiste à un joyeux mélange de sons, de vibrations, d’expressions vocales. Il y a dans la rencontre de ces 2 mondes comme l’avènement d’une nouvelle communauté de sons, un « nouveau peuple de sons ».</p>

		</div>
	</div>
</div></div></div><div class="wpb_column vc_column_container vc_col-sm-6"><div class="vc_column-inner"><div class="wpb_wrapper">
	<div class="wpb_text_column wpb_content_element" >
		<div class="wpb_wrapper">
			<p><i>« Depuis mon plus jeune âge, j’ai l’étrange sensation d’appartenir à ces peuples chantants et nomades. Que ce soit les tziganes, les Inuits ou encore les pygmées, j’y retrouve cette impulsion vitale et brûlante, que je vis dans mon chant. </i><i>Les chants de ces trois peuples contiennent toutes les émotions en vrac : la rage, l’espoir et le désespoir, le sens de la communauté, le jeu, la célébration, la joie, la gratitude, la marginalité, la transmission, la connexion à l’environnement naturel. </i><i>Le point commun de tous ces peuples est le nomadisme. Peut être que la maison qu’ils construisent est faite de notes, de sons, plutôt que de murs. Ou que leur corps serait une maison des sons, qu’ils promèneraient sur la terre.</i><i>A l’instar de ces gens là qui m’inspirent tant, je suis convaincue que chaque jour est l’occasion d’une célébration sonore. Nous inventerons la nôtre. » Leïla M.</i></p>
<h6>*Spectacle co-produit par Colore (Laurent Carrier Diffusion), Les Scènes du Jura (Scène nationale), Le festival Africolor, Musiques au Comptoir (Fontenay-sous-Bois), Le Centre de Création Musicale Césaré (Reims), La Cie des Humanophones, Jazzdor Strasbourg, le musée des confluents (Lyon), le Festival des  musiques d&rsquo;ici et d&rsquo;ailleurs (Châlons en champagne), avec le soutien de la Région Ile-de-France.</h6>
<p>&nbsp;</p>
<p>Leïla Martial : voix, bouteilles, Direction artistique<br />
Rémi Leclerc : claviers, percussions corporelles, voix, direction artistique<br />
Sorel Eta : Dikwakwata, Managing, Direction artistique<br />
Eric Perez : Batterie, voix basse<br />
Manongo Angélique : Voix, danse<br />
Nzabolé Nadège : Voix, danse<br />
Koulé Emilie : Voix, danse<br />
Motambo Gaston : tambour, voix<br />
Kossi Michel : tambour, voix</p>
<p>Maxime Lance : Régie son<br />
Colin Thévenin : Régie générale, lumières</p>
<p>&nbsp;</p>

		</div>
	</div>
<div class="vc_btn3-container vc_btn3-inline vc_do_btn" ><a onmouseleave="this.style.borderColor='#666'; this.style.backgroundColor='transparent'; this.style.color='#666'" onmouseenter="this.style.borderColor='#666'; this.style.backgroundColor='#666'; this.style.color='#fff';" style="border-color:#666; color:#666;" class="vc_general vc_btn3 vc_btn3-size-md vc_btn3-shape-square vc_btn3-style-outline-custom" href="https://www.akafreevoicesofforest.com/" title="" target="_blank">Site web</a></div></div></div></div></div></div></div></div></div></div></div></div><div class="vc_row wpb_row vc_row-fluid qodef-section vc_custom_1773061839232 qodef-content-aligment-left qodef-grid-section" style=""><div class="clearfix qodef-section-inner"><div class="qodef-section-inner-margin clearfix"><div class="wpb_column vc_column_container vc_col-sm-12"><div class="vc_column-inner"><div class="wpb_wrapper">
	<div class="wpb_text_column wpb_content_element" >
		<div class="wpb_wrapper">
			<h2>Free Voices of Forest</h2>

		</div>
	</div>
<div class="qodef-separator-holder clearfix  qodef-separator-left">
	<div class="qodef-separator" style="border-color: #000000;width: 45px;border-bottom-width: 3px;margin-top: 28px;margin-bottom: 28px"></div>
</div>
<div class="vc_row wpb_row vc_inner vc_row-fluid qodef-section qodef-content-aligment-left" style=""><div class="qodef-full-section-inner"><div class="wpb_column vc_column_container vc_col-sm-6"><div class="vc_column-inner"><div class="wpb_wrapper"><div class="qodef-album-disc qodef-animate-on-appear">
		<div class="qodef-album-disc-inner">
		<div class="qodef-album-disc-case-holder">
			<img decoding="async" class="qodef-album-disc-case" src="https://leilamartial.com/wp-content/uploads/2016/09/Aka-Free-Voices-Of-Forest.jpg" alt="Aka-Free-Voices-Of-Forest" />
		</div>
		<div class="qodef-album-disc-element">
			<div class="qodef-album-disc-image-holder">
				<div class="qodef-album-disc-image" style="background-image:url()">
					<span class="qodef-album-disc-border" ></span>
				</div> 
			</div>			
		</div>
	</div>
</div></div></div></div><div class="wpb_column vc_column_container vc_col-sm-6"><div class="vc_column-inner"><div class="wpb_wrapper">
	<div class="wpb_text_column wpb_content_element" >
		<div class="wpb_wrapper">
			<h3>Music :</h3>

		</div>
	</div>
<div class="qodef-separator-holder clearfix  qodef-separator-left">
	<div class="qodef-separator" style="border-color: #000000;width: 22px;border-bottom-width: 3px;margin-top: 28px;margin-bottom: 28px"></div>
</div>
<div class="qodef-audio-playlist-holder">
	<iframe title="Spotify Embed: Äkä - Free Voices of Forest" style="border-radius: 12px" width="100%" height="352" frameborder="0" allowfullscreen allow="autoplay; clipboard-write; encrypted-media; fullscreen; picture-in-picture" loading="lazy" src="https://open.spotify.com/embed/album/1HYdy6u6wFy3y5RZQoqfwr?utm_source=oembed"></iframe></div>
<div class="qodef-separator-holder clearfix  qodef-separator-left">
	<div class="qodef-separator" style="border-color: #000000;width: 22px;border-bottom-width: 3px;margin-top: 28px;margin-bottom: 28px"></div>
</div>

	<div class="wpb_raw_code wpb_raw_html wpb_content_element" >
		<div class="wpb_wrapper">
			<iframe loading="lazy" src="https://embed.radiofrance.fr/francemusique/diffusion/abe0777b-03ea-4271-a238-028f007b191b" frameborder="0" width="600" height="178"></iframe>
		</div>
	</div>
</div></div></div></div></div></div></div></div></div></div></div>
</div>

Ce projet est le fruit d’une rencontre entre 3 vocalistes français et 5 vocalistes-percussionnistes de culture Aka (autochtones "pygmées" du Congo)....
